m*k + 3*v + 85, -15 = -k + v. What are the prime factors of k?
2, 5
Let b be (3/2)/(-3)*-22. Let g(l) = -8*l**3 + l**2 - 14*l - 3. Let i(p) = 3*p**3 + 5*p + 1. Let c(m) = b*i(m) + 4*g(m). List the prime factors of c(-4).
3
List the prime factors of (-30)/(-15) + 12*8.
2, 7
Suppose 68 = -2*h + 4*h. What are the prime factors of h?
2, 17
Suppose -6*s + 147 = -51. What are the prime factors of s?
3, 11
Let v(s) = 1 - 2*s**2 - 7*s**2 + 2*s + 4*s**2. Let y be v(-1). Let n(p) = -2*p - 1. List the prime factors of n(y).
11
Let o = 4 - -1. Let i = o - 3. What are the prime factors of (2 - (i - 2)) + 2?
2
Let d(r) = r**2 - 9*r + 12. Let t be d(8). Suppose h = t*h - 9. List the prime factors of h.
3
List the prime factors of 74 - (-3 - -4 - -3).
2, 5, 7
Suppose -2*p = 1 + 7. What are the prime factors of 1 + (4 + 40 - p)?
7
Let c(m) = -m**2 - 6*m - 1. Let h be c(-5). Suppose 120 = -0*l + h*l. Let g = l - 20. List the prime factors of g.
2, 5
Let i = -10 - -39. Let f = 59 - i. What are the prime factors of f?
2, 3, 5
Suppose 2*d - 138 = m, -5*m = 7*d - 3*d - 248. List the prime factors of d.
67
Let k = 17 - -39. What are the prime factors of k?
2, 7
Let h(y) = -4*y**3 - y**2 - y. Let s be h(-1). Suppose 4*n + 2 = 2*c - 3*c, -5*n = 2*c + s. Suppose -m + 2 = -n*m. What are the prime factors of m?
2
Suppose 3*t - 3 - 12 = 0. Suppose -t*d + 4*d - a = -9, -d + 25 = 5*a. List the prime factors of d.
5
Let a(p) = -p**3 - p + 25. Let j be a(0). Suppose 2*z = 2*w + 3*z - j, 4*z - 28 = -2*w. What are the prime factors of w?
2, 3
Let s = 68 + 6. List the prime factors of s.
2, 37
Let p be 8 - (-1 + 3/1). Let w(j) = -20*j**3 + j**2. Let i be w(-1). What are the prime factors of p/i - (-290)/14?
3, 7
List the prime factors of 1216/40 + (-4)/10.
2, 3, 5
Let h be -9*(-2)/((-6)/(-1)). Suppose h*u - 13 = -4. Suppose -76 = -5*v + 4*n, -u*v + n + 28 = 3*n. List the prime factors of v.
2, 3
Let j(k) = k + 4. Let w be j(-6). List the prime factors of (-6)/(w - (-1)/2).
2
Let n be (-5 - (-3 + 1)) + 2. What are the prime factors of (-2 - 9*n)/1?
7
Let x = -127 - -335. What are the prime factors of x?
2, 13
List the prime factors of 1050/4 + ((-27)/6 - -6).
2, 3, 11
Let a(d) = 94*d**2 - d - 1. List the prime factors of a(-1).
2, 47
Suppose n = 3*h - 2*n - 12, 3*n = -5*h + 28. Suppose -4*f = -h*f - 2. What are the prime factors of ((f - -1) + -5)*-3?
2, 3
Suppose 0 = 2*s - 7*s + 15. Let k(a) be the third derivative of -a**5/60 + 5*a**4/24 - a**3/2 - 2*a**2. What are the prime factors of k(s)?
3
Let k = 91 + -59. Let q = k + -9. Let o = q - 13. List the prime factors of o.
2, 5
Suppose t - 1204 = -3*c - t, 2*c = -4*t + 800. What are the prime factors of c?
2, 3, 67
Let b = -35 - -22. Let i = 22 + b. List the prime factors of i.
3
Suppose -4*z = 2*r - 162, r + 4 = z - 29. What are the prime factors of z?
2, 19
Let z(f) = f + 1. Let h(r) = 8*r + 3. Let b(d) = -2*d**2 + 2. Let i be b(-2). Let x(q) = i*z(q) + h(q). List the prime factors of x(7).
11
Let d be (-1 - 52/12)*-6. Let s = d + -4. What are the prime factors of s?
2, 7
Let f = 54 + 21. List the prime factors of f.
3, 5
Suppose 5 = -4*o + 1. Let x be 14/1 + o - -2. Let h = x + -6. What are the prime factors of h?
3
Let f(i) = 14*i - 3. What are the prime factors of f(3)?
3, 13
Let y = -2 - -2. Let c be y*(-2 - -1)/(-1). Suppose -4*p - 4 = 4*r, 0*r + 2*r + 6 = c. List the prime factors of p.
2
Let s be (-2)/(-4) - (-116)/8. Let q(m) = m**3 - 3*m**2 - 5*m + 4. Let w be q(3). Let g = w + s. What are the prime factors of g?
2
Suppose 3*h = -0*h + 15. Suppose -2*n + 3*j + 28 = 2*j, -h*n - j = -70. What are the prime factors of n?
2, 7
Suppose 32 = -6*g + 8*g. List the prime factors of g.
2
Let f = 80 + -30. What are the prime factors of f?
2, 5
Suppose -4*l - w + 333 = 0, -5*l + 2*l + w = -241. What are the prime factors of l?
2, 41
Let n(r) = -1 - 10*r**3 + 3*r**2 + 11*r**3 - 2 - 4*r. Let v be n(-4). What are the prime factors of 14 - (2 + v)*-1?
13
Let m = 28 + 88. What are the prime factors of m?
2, 29
Let y = -1 - -6. Suppose -c = -4*a + 1, -5*c + 3 = -y*a - 7. Suppose -6*n + 1 = -4*n + q, -3*q = 4*n + c. What are the prime factors of n?
3
Let b = 36 + -26. Let s = b - 8. List the prime factors of (-1)/s - 63/(-6).
2, 5
Let k(t) = 150*t**3 + 2*t - 2. What are the prime factors of k(1)?
2, 3, 5
Suppose -14*d + 40 = -13*d. List the prime factors of d.
2, 5
Let m(r) = -4*r - 3. Let k be m(-2). Let f = 0 + k. What are the prime factors of f?
5
Let m = -125 - -86. List the prime factors of (2/(-3))/(2/m).
13
What are the prime factors of 2 + (-24)/4 - -62?
2, 29
Suppose 2*w + 4*k = 0, 2*w = k + 4*k. List the prime factors of -1 + w - (-10)/1.
3
Let n = -119 - -202. List the prime factors of n.
83
Let k(c) = c. Let h be k(2). Let l(p) be the first derivative of 3*p**2/2 - 2. List the prime factors of l(h).
2, 3
Let q = 44 + -20. Suppose 0 = 4*u - u + q. List the prime factors of 5*-1*(u - -7).
5
Suppose -n + 5 = -0*n. Suppose -39 = 5*z - n*v - 159, z - 23 = 2*v. What are the prime factors of z?
5
Suppose 3*w = 16 + 50. What are the prime factors of w?
2, 11
Suppose a - 28 = -3*a. Suppose -4*k = -n - 160, k - 42 = -n - a. List the prime factors of k.
3, 13
Let j = 71 + -11. List the prime factors of j.
2, 3, 5
Let x(a) = a**3 + 9*a**2 + 8*a - 1. What are the prime factors of x(-5)?
59
Let s be 74/(-3) + (-2)/6. Let j = s - -50. Let f = j + -13. What are the prime factors of f?
2, 3
Suppose -10*f + 3*f = -770. List the prime factors of f.
2, 5, 11
Suppose 4*x - 24 - 36 = 0. What are the prime factors of x?
3, 5
Suppose -20 = 7*k - 2*k. What are the prime factors of 66/10 - k/10?
7
Suppose 4*x + n - 3 = 0, -x + 9 = x + 3*n. Suppose x = -2*u, 0*g - 2*u = 4*g + 48. List the prime factors of 13/4 + g/(-16).
2
Let q(l) = -l**2 - 11*l + 13. Let x(v) = -v**2 - 10*v + 12. Let g(c) = -5*q(c) + 6*x(c). List the prime factors of g(-5).
7
Let y = 15 - 18. What are the prime factors of 30/8*(-16)/y?
2, 5
Suppose -4*t - 1 + 18 = -5*d, -5*d = t - 23. Let s(m) = -3 + t*m - 3 + 4 - 1. What are the prime factors of s(2)?
13
Let q be (-2)/(-8) - 7/(-4). Let m be 321/9 + q/(-3). Suppose 4*l + l - m = 0. List the prime factors of l.
7
Suppose c = 4*c + 21. What are the prime factors of 17 + 3 + (c - -3)?
2
Let q = -13 - 2. Let k be (-2)/5 + (-261)/q. Suppose k = 3*m - 22. What are the prime factors of m?
13
Let h(b) = -b - 3. Let c = -28 - -74. Let d be c/(-10) + 2/(-5). List the prime factors of h(d).
2
Let p(q) = -q**2 - 15*q + 1. What are the prime factors of p(-7)?
3, 19
Let h(q) = -35*q + 43. List the prime factors of h(-7).
2, 3
Let s = 64 + 62. List the prime factors of s.
2, 3, 7
Suppose 0 = -d - 4*h + 5, -1 = -4*d + h + 2*h. Let q be (d/(-2))/(1/(-6)). Suppose -q*k + 8 = -16. List the prime factors of k.
2
Suppose 6 = 4*b - 5*f, -4*f + 19 + 5 = 4*b. Suppose -40 = -3*k + 5*o, k + b*o = -3*k. Suppose -4*z = 4*r - 24, k*z + 5*r - r = 32. List the prime factors of z.
2
Let b(k) = k**2 + 9*k + 14. What are the prime factors of b(6)?
2, 13
Suppose -4*n + 12 = -7*n. What are the prime factors of (-1)/n + 107/4?
3
Let t = 3 - -10. Let a(m) = -3 - 2 + t*m - 14*m + 4. What are the prime factors of a(-10)?
3
Let g = 2 - 8. What are the prime factors of (-64)/g + (-6)/9?
2, 5
Suppose -t = -o - 10, 3*o = -2*t - 2*o + 41. Suppose 0 = -p - 3*u + t, 3*p = p + 5*u - 7. List the prime factors of p.
2
Let n be ((-10)/(-6))/(1/3). Suppose x - n*u - 19 = 0, 4*x - 38 = 2*x - 2*u. What are the prime factors of x?
19
Let l = 1 - 1. Suppose l = 3*a - a - 20. What are the prime factors of a?
2, 5
Suppose 3*z + 3*d = 99, -2*d - 24 = -z - 0*d. Suppose 0 = -3*g - 2*g + z. What are the prime factors of g?
2, 3
Let l(o) = -9*o - 1. What are the prime factors of l(-2)?
17
Let r = -2 - -14. Suppose 5*j - c = -36, -c - 11 + 33 = -3*j. Let i = j + r. List the prime factors of i.
5
Let t = 247 + -99. List the prime factors of t.
2, 37
Let j = -9 + 18. Suppose -4*w + 2 = -2*u, -6*w = -w - 3*u - 1. Suppose 4*f - j = 3*h, w*f = -f - h + 23. List the prime factors of f.
2, 3
Let z be 2*10/(-4)*1. Let m(s) = s**3 + 6*s**2 + 6*s - 5. Let j be m(-7). What are the prime factors of j/(-15) - 3/z?
7
Suppose 0 = -2*o + o. Suppose 0 = 3*i - 2*r - 62, -2 = i + 3*r - 8. Suppose -4*f - p + i